{"id":12979,"date":"2023-05-02T20:50:44","date_gmt":"2023-05-02T18:50:44","guid":{"rendered":"https:\/\/www.svseekirchen.at\/svs\/?page_id=12979"},"modified":"2025-09-16T11:21:14","modified_gmt":"2025-09-16T09:21:14","slug":"bambini","status":"publish","type":"page","link":"https:\/\/www.svseekirchen.at\/svs\/bambini\/","title":{"rendered":"Anmeldung zum SVS Bambini Training"},"content":{"rendered":"<div class=\"wpb-content-wrapper\"><div class=\"vc_row wpb_row vc_row-fluid\"><\/div><div class=\"wpb_column vc_column_container vc_col-sm-12\"><div class=\"vc_column-inner\"><div class=\"wpb_wrapper\"><\/div><\/div><\/div>\n\t<div class=\"wpb_text_column wpb_content_element vc_customizer_1683060170498 \" >\n\t\t<div class=\"wpb_wrapper\">\n\t\t\t\n\t\t<\/div>\n\t<\/div>\n<h3><strong>Vielen Dank f\u00fcr Dein Interesse am SVS Bambini-Training!<\/strong><\/h3>\n<p>Aktuell sind wir &#8222;ausgebucht&#8220; &#8211; sobald wir wieder Pl\u00e4tze frei haben informieren wir \u00fcber unsere Social Media Kan\u00e4le.<br \/>\nSportliche Gr\u00fc\u00dfe aus der Festung Aug!<\/p>\n<p><!-- Anmeldetext - auskommentiert am 16.09.2025\n\n\n<p>Auch in dieser Saison ist es uns gelungen ein Trainerteam f\u00fcr unsere J\u00fcngsten - die SVS Bambini - aufzustellen.<\/p>\n\n\n\n\n<p>Wir planen wieder ein Training pro Woche f\u00fcr 20 Kids - auch im Winter in der Halle - abzuhalten. Trainingstag wird der Freitag sein mit Start um 15:30 Uhr im Sportzentrum Seekirchen.<\/p>\n\n\n\n\n<p>Unser Angebot richtet sich an Jungs und M\u00e4dels die zu Trainingsstart zumindest 4 Jahre alt sein sollten.<\/p>\n\n\n\n\n<p>Zur besseren Planung ersuchen wir um Bef\u00fcllung des untenstehenden Formulares - wir melden uns dann verl\u00e4sslich mit allen weiteren Informationen.<\/p>\n\n\n--><\/p>\n<\/div>","protected":false},"excerpt":{"rendered":"<p>Vielen Dank f\u00fcr Dein Interesse am SVS Bambini-Training! Aktuell sind wir &#8222;ausgebucht&#8220; &#8211; sobald wir wieder Pl\u00e4tze frei haben informieren wir \u00fcber unsere Social Media Kan\u00e4le. Sportliche Gr\u00fc\u00dfe aus der Festung Aug!<\/p>\n","protected":false},"author":24,"featured_media":0,"parent":0,"menu_order":0,"comment_status":"closed","ping_status":"closed","template":"","meta":{"footnotes":""},"class_list":["post-12979","page","type-page","status-publish","hentry"],"_links":{"self":[{"href":"https:\/\/www.svseekirchen.at\/svs\/wp-json\/wp\/v2\/pages\/12979","targetHints":{"allow":["GET"]}}],"collection":[{"href":"https:\/\/www.svseekirchen.at\/svs\/wp-json\/wp\/v2\/pages"}],"about":[{"href":"https:\/\/www.svseekirchen.at\/svs\/wp-json\/wp\/v2\/types\/page"}],"author":[{"embeddable":true,"href":"https:\/\/www.svseekirchen.at\/svs\/wp-json\/wp\/v2\/users\/24"}],"replies":[{"embeddable":true,"href":"https:\/\/www.svseekirchen.at\/svs\/wp-json\/wp\/v2\/comments?post=12979"}],"version-history":[{"count":20,"href":"https:\/\/www.svseekirchen.at\/svs\/wp-json\/wp\/v2\/pages\/12979\/revisions"}],"predecessor-version":[{"id":13890,"href":"https:\/\/www.svseekirchen.at\/svs\/wp-json\/wp\/v2\/pages\/12979\/revisions\/13890"}],"wp:attachment":[{"href":"https:\/\/www.svseekirchen.at\/svs\/wp-json\/wp\/v2\/media?parent=12979"}],"curies":[{"name":"wp","href":"https:\/\/api.w.org\/{rel}","templated":true}]}}

<div class="wpb-content-wrapper"><div class="vc_row wpb_row vc_row-fluid"></div><div class="wpb_column vc_column_container vc_col-sm-12"><div class="vc_column-inner"><div class="wpb_wrapper"></div></div></div>
	<div class="wpb_text_column wpb_content_element vc_customizer_1683060170498 " >
		<div class="wpb_wrapper">
			
		</div>
	</div>
<h3><strong>Vielen Dank für Dein Interesse am SVS Bambini-Training!</strong></h3>
<p>Aktuell sind wir &#8222;ausgebucht&#8220; &#8211; sobald wir wieder Plätze frei haben informieren wir über unsere Social Media Kanäle.<br />
Sportliche Grüße aus der Festung Aug!</p>
<p><!-- Anmeldetext - auskommentiert am 16.09.2025


<p>Auch in dieser Saison ist es uns gelungen ein Trainerteam für unsere Jüngsten - die SVS Bambini - aufzustellen.</p>




<p>Wir planen wieder ein Training pro Woche für 20 Kids - auch im Winter in der Halle - abzuhalten. Trainingstag wird der Freitag sein mit Start um 15:30 Uhr im Sportzentrum Seekirchen.</p>




<p>Unser Angebot richtet sich an Jungs und Mädels die zu Trainingsstart zumindest 4 Jahre alt sein sollten.</p>




<p>Zur besseren Planung ersuchen wir um Befüllung des untenstehenden Formulares - wir melden uns dann verlässlich mit allen weiteren Informationen.</p>


--></p>
</div>

<p>Vielen Dank für Dein Interesse am SVS Bambini-Training! Aktuell sind wir &#8222;ausgebucht&#8220; &#8211; sobald wir wieder Plätze frei haben informieren wir über unsere Social Media Kanäle. Sportliche Grüße aus der Festung Aug!</p>
